) in base 8?
-14717376
Convert -144a3 (base 16) to base 7.
-464203
What is 1121142 (base 8) in base 9?
512550
Convert 410545 (base 6) to base 5.
2020414
26350 (base 14) to base 15
1cc89
53700 (base 12) to base 7
635220
What is 11100111010 (base 3) in base 11?
59391
What is -558849b (base 12) in base 7?
-256003502
2915 (base 16) to base 15
31b2
What is -33939 (base 14) in base 3?
-20100212120
What is 130310200 (base 4) in base 12?
58394
What is -11201000012102 (base 3) in base 12?
-a0683b
Convert 32012 (base 8) to base 2.
11010000001010
What is -123420430 (base 5) in base 6?
-21005011
What is 24dcb3 (base 15) in base 10?
1767993
-2e18 (base 15) to base 4
-2123003
What is -5253 (base 15) in base 6?
-212323
What is 851099 (base 14) in base 9?
8414428
Convert -125103151 (base 7) to base 12.
-28280b1
Convert 405137 (base 10) to base 3.
202120202002
Convert -62732 (base 11) to base 14.
-2543c
What is 139196 (base 10) in base 14?
38a28
What is 4353240 (base 6) in base 11?
139193
What is 1421211003 (base 5) in base 6?
211104103
301333112 (base 4) to base 10
204758
Convert -1210021000112 (base 3) to base 13.
-273494
Convert -11011010100010010010 (base 2) to base 15.
-12a34c
What is 3131132130 (base 4) in base 11?
56a625
Convert -45242411 (base 6) to base 11.
-859623
What is 676786 (base 10) in base 5?
133124121
c9e34 (base 16) to base 8
3117064
413928 (base 12) to base 16
f9a70
Convert -540d6 (base 14) to base 15.
-40349
-1020212111121 (base 3) to base 10
-666673
328797 (base 13) to base 3
2020110012210
What is -20112311 (base 5) in base 7?
-1235303
-812670 (base 13) to base 11
-1772287
What is -34e92a (base 16) in base 12?
-11b2836
-1101010202022 (base 3) to base 10
-731006
Convert -11330233003 (base 4) to base 16.
-17cbc3
What is 2140142022 (base 5) in base 15?
612742
Convert 1804167 (base 9) to base 16.
f5d2b
What is -1036387 (base 11) in base 2?
-110111101010010111000
Convert -101000011011011110 (base 2) to base 5.
-20244343
What is 71832 (base 10) in base 9?
118473
What is 177157 (base 8) in base 4?
33321233
Convert 2607807 (base 9) to base 13.
3aa896
What is -216485 (base 9) in base 3?
-20120112212
Convert -cc023 (base 13) to base 7.
-3065111
What is -11947e7 (base 15) in base 6?
-1130302101
What is 133242323 (base 5) in base 11?
425688
What is 12619 (base 12) in base 13?
b550
-516549 (base 10) to base 13
-151167
2824081 (base 10) to base 12
b42381
What is 5ee78 (base 15) in base 13?
a828a
1100001111111111001100 (base 2) to base 13
885834
What is -1765924 (base 10) in base 3?
-10022201101121
Convert 30b355 (base 15) to base 7.
25454126
Convert -23311123121 (base 4) to base 16.
-2f56d9
What is 19177088 (base 10) in base 14?
2792a40
What is 70281 (base 9) in base 5?
2434122
Convert -41227 (base 8) to base 16.
-4297
What is 67551 (base 11) in base 4?
113320200
Convert -10010011000001110 (base 2) to base 5.
-4402103
Convert 38512 (base 10) to base 16.
9670
Convert 13246240 (base 8) to base 3.
12120211100012
What is 3321884 (base 11) in base 6?
324540245
-6990434 (base 10) to base 3
-111011011001222
Convert -17624c (base 13) to base 6.
-20311232
-32265203 (base 8) to base 13
-157b6c9
Convert -10c35 (base 15) to base 10.
-53375
What is 1011010000000011 (base 2) in base 7?
251232
What is 10858a (base 13) in base 7?
3212345
Convert -251c (base 16) to base 3.
-111000212
What is 212d4 (base 16) in base 3?
20220102001
Convert 12420123 (base 5) to base 4.
132010123
175762 (base 11) to base 13
96526
Convert -545b1 (base 15) to base 13.
-94c3c
Convert a22b (base 12) to base 2.
100010011000011
Convert -5104681 (base 10) to base 14.
-96c441
Convert -17382408 (base 9) to base 8.
-41243421
5428 (base 11) to base 2
1110000000001
What is 12943bb (base 12) in base 16?
381e3f
-133a0ba (base 12) to base 5
-1433441420
Convert -11120102120221 (base 3) to base 16.
-251212
63858 (base 11) to base 3
11201101122
1354136 (base 8) to base 9
643423
Convert -246144626 (base 7) to base 3.
-1002021102020112
What is -51625 (base 10) in base 16?
-c9a9
Convert -5692435 (base 12) to base 5.
-13223113414
Convert a91708 (base 11) to base 13.
491038
What is -50352241 (base 6) in base 11?
-897436
What is -305d6 (base 16) in base 2?
-110000010111010110
What is -646fc8 (base 16) in base 12?
-22551a0
10410133041 (base 5) to base 3
210110202211120
-9dd1c1 (base 14) to base 6
-311120125
-134264432 (base 7) to base 6
-511355205
-446588 (base 12) to base 5
-234330324
Convert 10100000010011101111001 (base 2) to base 10.
5252985
Convert 5133434 (base 6) to base 13.
87b26
Convert -11100000000110 (base 2) to base 5.
-424332
What is 100000111001110101110111 (base 2) in base 3?
121020012222222
Convert -331111 (base 4) to base 6.
-30101
Convert -1953695 (base 10) to base 7.
-22414622
-11002112100 (base 3) to base 5
-10034302
-46316606 (base 7) to base 12
-1436952
Convert 47705 (base 8) to base 10.
20421
2323667 (base 8) to base 10
632759
What is -2154429 (base 10) in base 9?
-4043280
What is -c2760 (base 14) in base 11?
-29a627
What is 1020012221211 (base 3) in base 11?
4072a8
413ce (base 15) to base 11
13136a
What is -1001011010000111 (base 2) in base 4?
-21122013
Convert 51550 (base 10) to base 13.
1a605
-1119411 (base 12) to base 10
-3271693
What is 102012200211122 (base 3) in base 8?
26564557
What is -11110110110101010101 (base 2) in base 3?
-1220100212112
Convert 110100011100001100010001 (base 2) to base 7.
224563414
Convert -776c6 (base 16) to base 6.
-14252342
Convert 1835980 (base 11) to base 16.
2f7b2c
Convert -10b646 (base 12) to base 11.
-173a16
663620 (base 7) to base 9
186828
Convert 654130 (base 7) to base 16.
1be71
Convert 247b66 (base 14) to base 11.
7847a0
What is -253032551 (base 6) in base 9?
-10203184
Convert 25226 (base 8) to base 16.
2a96
156428 (base 9) to base 10
96578
What is -c67b (base 14) in base 8?
-102645
10491 (base 10) to base 13
4a10
Convert -30931 (base 15) to base 5.
-14411241
Convert -78688 (base 9) to base 8.
-146145
Convert 1342400 (base 5) to base 12.
1414a
Convert b33c8 (base 16) to base 2.
10110011001111001000
What is -1a56a (base 12) in base 13?
-14890
-1000110011011101100 (base 2) to base 15
-5a72c
10100010001110100011101 (base 2) to base 16
511d1d
What is -30052072 (base 8) in base 16?
-60543a
Convert -11b172 (base 14) to base 5.
-123403340
855431 (base 11) to base 6
45200550
e72209 (base 15) to base 9
22614300
Convert -11d64 (base 16) to base 2.
-10001110101100100
4270917 (base 10) to base 7
51205440
What is -3634511 (base 7) in base 13?
-13274c
What is 36604 (base 10) in base 14?
d4a8
10100101010111011101 (base 2) to base 13
1a93c2
111011111110001101 (base 2) to base 5
30330040
Convert -101011010001101101 (base 2) to base 10.
-177261
-110010022100122 (base 3) to base 11
-3700328
Convert -1288b (base 15) to base 6.
-1134322
12121010121200 (base 3) to base 10
2974770
Convert -10000200 (base 5) to base 16.
-1315f
Convert aa52b (base 15) to base 4.
2010013232
Convert -1011440221 (base 5) to base 2.
-111110111011001110000
Convert -b799a0 (base 14) to base 12.
-20b67b4
Convert 12322003 (base 5) to base 15.
2596d
What is 53330 (base 16) in base 14?
8c29a
Convert -12403304 (base 5) to base 6.
-2342201
What is -1110000010010001 (base 2) in base 4?
-32002101
Convert -214ab3b (base 13) to base 12.
-34a1476
656856 (base 10) to base 4
2200113120
Convert -10110000001111101101111 (base 2) to base 7.
-100042235
Convert 13101303132 (base 4) to base 8.
7216336
What is -3004342440 (base 5) in base 2?
-10110101000110000101000
-29f440 (base 16) to base 14
-518012
What is 117035 (base 8) in base 16?
9e1d
Convert 11101110011110110110111 (base 2) to base 12.
274a3b3
Convert 979b (base 12) to base 4.
10010213
-12022201122020 (base 3) to base 2
-1010110010101010111001
-11122212210011 (base 3) to base 6
-125034521
What is -56681 (base 13) in base 14?
-4137c
1105053154 (base 6) to base 7
203656660
-43212230 (base 5) to base 2
-1011001011111100101
Convert -10010100111111000100 (base 2) to base 14.
-11c56c
What is -105524315 (base 6) in base 13?
-536018
525a0 (base 13) to base 14
3bddc
Convert 7669c1 (base 16) to base 9.
15537138
-319179 (base 11) to base 15
-a118a
-175e3 (base 15) to base 3
-10211200120
Convert -3130b6 (base 16) to base 9.
-6053116
What is 210321 (base 6) in base 